{"id":11,"date":"2017-03-12T11:26:25","date_gmt":"2017-03-12T11:26:25","guid":{"rendered":"http:\/\/www.rechenschieber-mainz.de\/?page_id=11"},"modified":"2017-04-30T06:21:58","modified_gmt":"2017-04-30T06:21:58","slug":"willkommen","status":"publish","type":"page","link":"https:\/\/www.rechenschieber-mainz.de\/index.php\/willkommen\/","title":{"rendered":"Willkommen"},"content":{"rendered":"<p>Willkommen bei <span class=\"rechenschieber\">rechenschieber mainz<\/span>.<\/p>\n<p><span class=\"rechenschieber\">rechenschieber mainz<\/span>\u00a0leistet Mathenachhilfe f\u00fcr Sch\u00fclerInnen und Studierende. Zus\u00e4tzlich zur\u00a0regul\u00e4ren Nachhilfe\u00a0werden Pr\u00fcfungsvorbereitung (z.B. f\u00fcr das Abitur)\u00a0und Begabtenf\u00f6rderung angeboten.<\/p>\n<p><!--\n\n<p class=\"ql-center-displayed-equation\" style=\"line-height: 60px;\"><span class=\"ql-right-eqno\"> &nbsp; <\/span><span class=\"ql-left-eqno\"> &nbsp; <\/span><img loading=\"lazy\" src=\"https:\/\/www.rechenschieber-mainz.de\/wp-content\/ql-cache\/quicklatex.com-83a8d551e92a60fb2a885d0aeeab1527_l3.png\" height=\"60\" width=\"68\" class=\"ql-img-displayed-equation quicklatex-auto-format\" alt=\"&#92;&#091;&#32;&#92;&#105;&#110;&#116;&#92;&#108;&#105;&#109;&#105;&#116;&#115;&#95;&#48;&#94;&#92;&#105;&#110;&#102;&#116;&#121;&#32;&#92;&#116;&#101;&#120;&#116;&#123;&#101;&#125;&#94;&#123;&#45;&#120;&#125;&#32;&#92;&#116;&#101;&#120;&#116;&#123;&#100;&#125;&#120;&#32;&#92;&#093;\" title=\"Rendered by QuickLaTeX.com\"\/><\/p>\n\n--><\/p>\n<p>Einzelunterricht und Zweiergruppen. Der Unterricht erfolgt ausschlie\u00dflich durch <a class=\"arrow\" href=\"http:\/\/www.rechenschieber-mainz.de\/index.php\/uber-mich\/\">Claus Brucher<\/a>. Vereinbaren Sie \u00fcber das <a class=\"arrow\" href=\"http:\/\/www.rechenschieber-mainz.de\/index.php\/kontakt\/\">Kontaktformular<\/a> eine <strong>kostenlose Probestunde<\/strong>.<\/p>\n<p><a href=\"http:\/\/www.rechenschieber-mainz.de\/wp-content\/uploads\/2017\/04\/001.png\"><img loading=\"lazy\" class=\"wp-image-384 size-medium aligncenter\" src=\"http:\/\/www.rechenschieber-mainz.de\/wp-content\/uploads\/2017\/04\/001-300x225.png\" alt=\"\" width=\"300\" height=\"225\" srcset=\"https:\/\/www.rechenschieber-mainz.de\/wp-content\/uploads\/2017\/04\/001-300x225.png 300w, https:\/\/www.rechenschieber-mainz.de\/wp-content\/uploads\/2017\/04\/001-768x576.png 768w, https:\/\/www.rechenschieber-mainz.de\/wp-content\/uploads\/2017\/04\/001-1024x768.png 1024w, https:\/\/www.rechenschieber-mainz.de\/wp-content\/uploads\/2017\/04\/001.png 1280w\" sizes=\"(max-width: 300px) 100vw, 300px\" \/><\/a><\/p>\n<p><!--\n\n<p class=\"ql-center-displayed-equation\" style=\"line-height: 65px;\"><span class=\"ql-right-eqno\"> &nbsp; <\/span><span class=\"ql-left-eqno\"> &nbsp; <\/span><img loading=\"lazy\" src=\"https:\/\/www.rechenschieber-mainz.de\/wp-content\/ql-cache\/quicklatex.com-85a5b131a606424de0ec202c5afc8dc1_l3.png\" height=\"65\" width=\"96\" class=\"ql-img-displayed-equation quicklatex-auto-format\" alt=\"&#92;&#091;&#32;&#92;&#108;&#101;&#102;&#116;&#40;&#32;&#92;&#98;&#101;&#103;&#105;&#110;&#123;&#97;&#114;&#114;&#97;&#121;&#125;&#123;&#99;&#99;&#99;&#125;&#32;&#49;&#32;&#38;&#32;&#48;&#32;&#38;&#32;&#48;&#32;&#92;&#92;&#32;&#48;&#32;&#38;&#32;&#49;&#32;&#38;&#32;&#48;&#32;&#92;&#92;&#32;&#48;&#32;&#38;&#32;&#48;&#32;&#38;&#32;&#49;&#32;&#92;&#101;&#110;&#100;&#123;&#97;&#114;&#114;&#97;&#121;&#125;&#32;&#92;&#114;&#105;&#103;&#104;&#116;&#41;&#32;&#92;&#093;\" title=\"Rendered by QuickLaTeX.com\"\/><\/p>\n\n--><\/p>\n<p>Mit der Erfahrung und dem Erfolg aus 20 Berufsjahren\u00a0sind Sie hier an der richtigen Adresse, wenn Sie nach einem hochqualifizierten Lehrer suchen, der individuelle Schwierigkeiten erkennt und nachhaltige Arbeit leistet. Detailliertere Informationen zu mir finden Sie\u00a0<a class=\"arrow\" href=\"http:\/\/www.rechenschieber-mainz.de\/index.php\/uber-mich\/\">hier<\/a>, sowie einige Gedanken zu <a class=\"arrow\" href=\"http:\/\/www.rechenschieber-mainz.de\/index.php\/unterricht\/\">meinem Unterricht<\/a>. R\u00fcckmeldungen und Referenzen von ehemaligen Sch\u00fclern finden sich unter <a class=\"arrow\" href=\"http:\/\/www.rechenschieber-mainz.de\/index.php\/referenzen\/\">Referenzen<\/a>.<\/p>\n\n<!-- NOTE: If you need to make changes to this file, copy it to your current theme's main\n\tdirectory so your changes won't be overwritten when the plugin is upgraded. -->\n\n<!-- Post Wrap Start-->\n<div class=\"post hentry ivycat-post\">\n\n\t<!-- \tThis outputs the post TITLE -->\n\t<h2 class=\"entry-title\"><a href=\"https:\/\/www.rechenschieber-mainz.de\/index.php\/2020\/12\/15\/weihnachten\/\">Weihnachten<\/a><\/h2>\n\n\t<!-- \tThis outputs the post EXCERPT.  To display full content including images and html,\n\t\treplace the_excerpt(); with the_content();  below. -->\n\t<div class=\"entry-summary\">\n\t\t<p>Ein verr\u00fccktes Jahr geht zu Ende. Heute denn auch der letzte Tag mit Pr\u00e4senzunterricht, die letzten Stunden vor den Weihnachtsferien werden online abgehalten. Und heute ist mir dann pl\u00f6tzlich aufgefallen, dass ich die \u00fcbliche Dekoration gar nicht vorgenommen habe, kein Adventskalender, kein Kranz, gar nichts. Zwei Wochen vor dem ersten Advent noch der Gedanke, dann &#8230; <a title=\"Weihnachten\" class=\"read-more\" href=\"https:\/\/www.rechenschieber-mainz.de\/index.php\/2020\/12\/15\/weihnachten\/\" aria-label=\"More on Weihnachten\">Read more<\/a><\/p>\n\t<\/div>\n\n\t<!--\tThis outputs the post META information -->\n\t<div class=\"entry-utility\">\n\t\t\t\t\t<span class=\"cat-links\">\n\t\t\t\t<span class=\"entry-utility-prep entry-utility-prep-cat-links\">Posted in<\/span> <a href=\"https:\/\/www.rechenschieber-mainz.de\/index.php\/category\/neuigkeiten\/\" rel=\"category tag\">Neuigkeiten<\/a>\t\t\t<\/span>\n\t\t\t<span class=\"meta-sep\">|<\/span>\n\t\t\t\t\t\t<span class=\"comments-link\">\n\t\t\t<a href=\"https:\/\/www.rechenschieber-mainz.de\/index.php\/2020\/12\/15\/weihnachten\/#respond\">Leave a comment<\/a>\t\t<\/span>\n\t\t\t<\/div>\n<\/div>\n<!-- \/\/ Post Wrap End -->\n\n<!-- NOTE: If you need to make changes to this file, copy it to your current theme's main\n\tdirectory so your changes won't be overwritten when the plugin is upgraded. -->\n\n<!-- Post Wrap Start-->\n<div class=\"post hentry ivycat-post\">\n\n\t<!-- \tThis outputs the post TITLE -->\n\t<h2 class=\"entry-title\"><a href=\"https:\/\/www.rechenschieber-mainz.de\/index.php\/2020\/03\/16\/unterricht-2-0-voll-digital\/\">Unterricht 2.0 &#8211; Voll digital<\/a><\/h2>\n\n\t<!-- \tThis outputs the post EXCERPT.  To display full content including images and html,\n\t\treplace the_excerpt(); with the_content();  below. -->\n\t<div class=\"entry-summary\">\n\t\t<p>In der n\u00e4chsten Zeit wird der Unterricht bei rechenschieber mainz digital erfolgen: via eMail, Texting und Videochat. \u201eUnterricht in Zeiten der Corona\u201c &#8211; den folgenden Artikel fand ich dann doch ziemlich gut: #coronacodex (Der link funktioniert nur in der Vollansicht des Beitrags). Ohne Panik, Hamstermentalit\u00e4t, Schwarzmalerei: sich der eigenen Verantwortung stellen. Leider dann eben ohne &#8230; <a title=\"Unterricht 2.0 &#8211; Voll digital\" class=\"read-more\" href=\"https:\/\/www.rechenschieber-mainz.de\/index.php\/2020\/03\/16\/unterricht-2-0-voll-digital\/\" aria-label=\"More on Unterricht 2.0 &#8211; Voll digital\">Read more<\/a><\/p>\n\t<\/div>\n\n\t<!--\tThis outputs the post META information -->\n\t<div class=\"entry-utility\">\n\t\t\t\t\t<span class=\"cat-links\">\n\t\t\t\t<span class=\"entry-utility-prep entry-utility-prep-cat-links\">Posted in<\/span> <a href=\"https:\/\/www.rechenschieber-mainz.de\/index.php\/category\/neuigkeiten\/\" rel=\"category tag\">Neuigkeiten<\/a>\t\t\t<\/span>\n\t\t\t<span class=\"meta-sep\">|<\/span>\n\t\t\t\t\t\t<span class=\"comments-link\">\n\t\t\t<a href=\"https:\/\/www.rechenschieber-mainz.de\/index.php\/2020\/03\/16\/unterricht-2-0-voll-digital\/#respond\">Leave a comment<\/a>\t\t<\/span>\n\t\t\t<\/div>\n<\/div>\n<!-- \/\/ Post Wrap End -->\n\n<!-- NOTE: If you need to make changes to this file, copy it to your current theme's main\n\tdirectory so your changes won't be overwritten when the plugin is upgraded. -->\n\n<!-- Post Wrap Start-->\n<div class=\"post hentry ivycat-post\">\n\n\t<!-- \tThis outputs the post TITLE -->\n\t<h2 class=\"entry-title\"><a href=\"https:\/\/www.rechenschieber-mainz.de\/index.php\/2020\/03\/15\/schulen-geschlossen-rechenschieber-auch\/\">Schulen geschlossen &#8211; rechenschieber auch?<\/a><\/h2>\n\n\t<!-- \tThis outputs the post EXCERPT.  To display full content including images and html,\n\t\treplace the_excerpt(); with the_content();  below. -->\n\t<div class=\"entry-summary\">\n\t\t<p>Wegen Corona-Virus, Ausbreitung, Ansteckung: Die Schulen schlie\u00dfen ab Montag, dem 16.03.2020. Ob das f\u00fcr rechenschieber mainz auch gelten soll, darauf werde ich hoffentlich Antwort vom Ministerium erhalten. In jedem Fall kann der Unterricht zu den regul\u00e4ren Zeiten \u00fcber digitale Kan\u00e4le stattfinden: Aufgaben und L\u00f6sungen k\u00f6nnen verschickt werden, am Telefon diskutiert, um Fotos von Tafelbildern erg\u00e4nzt &#8230; <a title=\"Schulen geschlossen &#8211; rechenschieber auch?\" class=\"read-more\" href=\"https:\/\/www.rechenschieber-mainz.de\/index.php\/2020\/03\/15\/schulen-geschlossen-rechenschieber-auch\/\" aria-label=\"More on Schulen geschlossen &#8211; rechenschieber auch?\">Read more<\/a><\/p>\n\t<\/div>\n\n\t<!--\tThis outputs the post META information -->\n\t<div class=\"entry-utility\">\n\t\t\t\t\t<span class=\"cat-links\">\n\t\t\t\t<span class=\"entry-utility-prep entry-utility-prep-cat-links\">Posted in<\/span> <a href=\"https:\/\/www.rechenschieber-mainz.de\/index.php\/category\/neuigkeiten\/\" rel=\"category tag\">Neuigkeiten<\/a>\t\t\t<\/span>\n\t\t\t<span class=\"meta-sep\">|<\/span>\n\t\t\t\t\t\t<span class=\"comments-link\">\n\t\t\t<a href=\"https:\/\/www.rechenschieber-mainz.de\/index.php\/2020\/03\/15\/schulen-geschlossen-rechenschieber-auch\/#respond\">Leave a comment<\/a>\t\t<\/span>\n\t\t\t<\/div>\n<\/div>\n<!-- \/\/ Post Wrap End -->\n\n<!-- NOTE: If you need to make changes to this file, copy it to your current theme's main\n\tdirectory so your changes won't be overwritten when the plugin is upgraded. -->\n\n<!-- Post Wrap Start-->\n<div class=\"post hentry ivycat-post\">\n\n\t<!-- \tThis outputs the post TITLE -->\n\t<h2 class=\"entry-title\"><a href=\"https:\/\/www.rechenschieber-mainz.de\/index.php\/2017\/08\/12\/neue-offnungszeiten-2\/\">Neue \u00d6ffnungszeiten<\/a><\/h2>\n\n\t<!-- \tThis outputs the post EXCERPT.  To display full content including images and html,\n\t\treplace the_excerpt(); with the_content();  below. -->\n\t<div class=\"entry-summary\">\n\t\t<p>Im neuen Schuljahr 2017\/2018 \u00f6ffnet rechenschieber mainz nun montags und mittwochs von 16:00&nbsp;Uhr bis 18:00&nbsp;Uhr, sowie dienstags von 13:30&nbsp;Uhr bis 18:30&nbsp;. Diese Zeiten gelten ab dem 14.08.2017.<\/p>\n\t<\/div>\n\n\t<!--\tThis outputs the post META information -->\n\t<div class=\"entry-utility\">\n\t\t\t\t\t<span class=\"cat-links\">\n\t\t\t\t<span class=\"entry-utility-prep entry-utility-prep-cat-links\">Posted in<\/span> <a href=\"https:\/\/www.rechenschieber-mainz.de\/index.php\/category\/neuigkeiten\/\" rel=\"category tag\">Neuigkeiten<\/a>\t\t\t<\/span>\n\t\t\t<span class=\"meta-sep\">|<\/span>\n\t\t\t\t\t\t<span class=\"comments-link\">\n\t\t\t<a href=\"https:\/\/www.rechenschieber-mainz.de\/index.php\/2017\/08\/12\/neue-offnungszeiten-2\/#respond\">Leave a comment<\/a>\t\t<\/span>\n\t\t\t<\/div>\n<\/div>\n<!-- \/\/ Post Wrap End -->\n\n<!-- NOTE: If you need to make changes to this file, copy it to your current theme's main\n\tdirectory so your changes won't be overwritten when the plugin is upgraded. -->\n\n<!-- Post Wrap Start-->\n<div class=\"post hentry ivycat-post\">\n\n\t<!-- \tThis outputs the post TITLE -->\n\t<h2 class=\"entry-title\"><a href=\"https:\/\/www.rechenschieber-mainz.de\/index.php\/2017\/06\/30\/sommerferien\/\">Sommerferien!<\/a><\/h2>\n\n\t<!-- \tThis outputs the post EXCERPT.  To display full content including images and html,\n\t\treplace the_excerpt(); with the_content();  below. -->\n\t<div class=\"entry-summary\">\n\t\t<p>In der Zeit vom 01.07.2017 bis zum 13.08.2017 bleibt rechenschieber mainz geschlossen. In den letzten zwei Wochen dieser Zeit finden Ferienkurse statt, von denen angemeldete Sch\u00fclerInnen profitieren k\u00f6nnen. Eine entspannte Zeit!<\/p>\n\t<\/div>\n\n\t<!--\tThis outputs the post META information -->\n\t<div class=\"entry-utility\">\n\t\t\t\t\t<span class=\"cat-links\">\n\t\t\t\t<span class=\"entry-utility-prep entry-utility-prep-cat-links\">Posted in<\/span> <a href=\"https:\/\/www.rechenschieber-mainz.de\/index.php\/category\/neuigkeiten\/\" rel=\"category tag\">Neuigkeiten<\/a>\t\t\t<\/span>\n\t\t\t<span class=\"meta-sep\">|<\/span>\n\t\t\t\t\t\t<span class=\"comments-link\">\n\t\t\t<a href=\"https:\/\/www.rechenschieber-mainz.de\/index.php\/2017\/06\/30\/sommerferien\/#respond\">Leave a comment<\/a>\t\t<\/span>\n\t\t\t<\/div>\n<\/div>\n<!-- \/\/ Post Wrap End -->\n\n<!-- NOTE: If you need to make changes to this file, copy it to your current theme's main\n\tdirectory so your changes won't be overwritten when the plugin is upgraded. -->\n\n<!-- Post Wrap Start-->\n<div class=\"post hentry ivycat-post\">\n\n\t<!-- \tThis outputs the post TITLE -->\n\t<h2 class=\"entry-title\"><a href=\"https:\/\/www.rechenschieber-mainz.de\/index.php\/2017\/05\/15\/am-16-05-erst-um-1330-uhr\/\">Am 16.05. erst um 13:30 Uhr<\/a><\/h2>\n\n\t<!-- \tThis outputs the post EXCERPT.  To display full content including images and html,\n\t\treplace the_excerpt(); with the_content();  below. -->\n\t<div class=\"entry-summary\">\n\t\t<p>Am 16.05. bleibt rechenschieber mainz vormittags geschlossen.<\/p>\n\t<\/div>\n\n\t<!--\tThis outputs the post META information -->\n\t<div class=\"entry-utility\">\n\t\t\t\t\t<span class=\"cat-links\">\n\t\t\t\t<span class=\"entry-utility-prep entry-utility-prep-cat-links\">Posted in<\/span> <a href=\"https:\/\/www.rechenschieber-mainz.de\/index.php\/category\/neuigkeiten\/\" rel=\"category tag\">Neuigkeiten<\/a>\t\t\t<\/span>\n\t\t\t<span class=\"meta-sep\">|<\/span>\n\t\t\t\t\t\t<span class=\"comments-link\">\n\t\t\t<a href=\"https:\/\/www.rechenschieber-mainz.de\/index.php\/2017\/05\/15\/am-16-05-erst-um-1330-uhr\/#respond\">Leave a comment<\/a>\t\t<\/span>\n\t\t\t<\/div>\n<\/div>\n<!-- \/\/ Post Wrap End -->\n\n<!-- NOTE: If you need to make changes to this file, copy it to your current theme's main\n\tdirectory so your changes won't be overwritten when the plugin is upgraded. -->\n\n<!-- Post Wrap Start-->\n<div class=\"post hentry ivycat-post\">\n\n\t<!-- \tThis outputs the post TITLE -->\n\t<h2 class=\"entry-title\"><a href=\"https:\/\/www.rechenschieber-mainz.de\/index.php\/2017\/04\/25\/neue-offnungszeiten\/\">Neue \u00d6ffnungszeiten<\/a><\/h2>\n\n\t<!-- \tThis outputs the post EXCERPT.  To display full content including images and html,\n\t\treplace the_excerpt(); with the_content();  below. -->\n\t<div class=\"entry-summary\">\n\t\t<p>rechenschieber mainz hat nun dienstags umfangreicher ge\u00f6ffnet: von 10:00&nbsp;Uhr bis 12:30&nbsp;Uhr, sowie von 13:30&nbsp;Uhr bis 19:00&nbsp; Uhr.<\/p>\n\t<\/div>\n\n\t<!--\tThis outputs the post META information -->\n\t<div class=\"entry-utility\">\n\t\t\t\t\t<span class=\"cat-links\">\n\t\t\t\t<span class=\"entry-utility-prep entry-utility-prep-cat-links\">Posted in<\/span> <a href=\"https:\/\/www.rechenschieber-mainz.de\/index.php\/category\/neuigkeiten\/\" rel=\"category tag\">Neuigkeiten<\/a>\t\t\t<\/span>\n\t\t\t<span class=\"meta-sep\">|<\/span>\n\t\t\t\t\t\t<span class=\"comments-link\">\n\t\t\t<a href=\"https:\/\/www.rechenschieber-mainz.de\/index.php\/2017\/04\/25\/neue-offnungszeiten\/#respond\">Leave a comment<\/a>\t\t<\/span>\n\t\t\t<\/div>\n<\/div>\n<!-- \/\/ Post Wrap End -->\n\n<!-- NOTE: If you need to make changes to this file, copy it to your current theme's main\n\tdirectory so your changes won't be overwritten when the plugin is upgraded. -->\n\n<!-- Post Wrap Start-->\n<div class=\"post hentry ivycat-post\">\n\n\t<!-- \tThis outputs the post TITLE -->\n\t<h2 class=\"entry-title\"><a href=\"https:\/\/www.rechenschieber-mainz.de\/index.php\/2017\/03\/23\/flyer-sind-angekommen\/\">Flyer sind angekommen<\/a><\/h2>\n\n\t<!-- \tThis outputs the post EXCERPT.  To display full content including images and html,\n\t\treplace the_excerpt(); with the_content();  below. -->\n\t<div class=\"entry-summary\">\n\t\t<p>Die Flyer sind endlich\u00a0da! Nun muss m\u00fcssen die nur noch unter die Leute gebracht werden \ud83d\ude42<\/p>\n\t<\/div>\n\n\t<!--\tThis outputs the post META information -->\n\t<div class=\"entry-utility\">\n\t\t\t\t\t<span class=\"cat-links\">\n\t\t\t\t<span class=\"entry-utility-prep entry-utility-prep-cat-links\">Posted in<\/span> <a href=\"https:\/\/www.rechenschieber-mainz.de\/index.php\/category\/neuigkeiten\/\" rel=\"category tag\">Neuigkeiten<\/a>\t\t\t<\/span>\n\t\t\t<span class=\"meta-sep\">|<\/span>\n\t\t\t\t\t\t<span class=\"comments-link\">\n\t\t\t<a href=\"https:\/\/www.rechenschieber-mainz.de\/index.php\/2017\/03\/23\/flyer-sind-angekommen\/#respond\">Leave a comment<\/a>\t\t<\/span>\n\t\t\t<\/div>\n<\/div>\n<!-- \/\/ Post Wrap End -->\n\n","protected":false},"excerpt":{"rendered":"<p>Willkommen bei rechenschieber mainz. rechenschieber mainz\u00a0leistet Mathenachhilfe f\u00fcr Sch\u00fclerInnen und Studierende. Zus\u00e4tzlich zur\u00a0regul\u00e4ren Nachhilfe\u00a0werden Pr\u00fcfungsvorbereitung (z.B. f\u00fcr das Abitur)\u00a0und Begabtenf\u00f6rderung angeboten. Einzelunterricht und Zweiergruppen. Der Unterricht erfolgt ausschlie\u00dflich durch Claus Brucher. Vereinbaren Sie \u00fcber das Kontaktformular eine kostenlose Probestunde. Mit der Erfahrung und dem Erfolg aus 20 Berufsjahren\u00a0sind Sie hier an der richtigen Adresse, wenn &#8230; <a title=\"Flyer sind angekommen\" class=\"read-more\" href=\"https:\/\/www.rechenschieber-mainz.de\/index.php\/2017\/03\/23\/flyer-sind-angekommen\/\" aria-label=\"More on Flyer sind angekommen\">Read more<\/a><\/p>\n","protected":false},"author":1,"featured_media":0,"parent":0,"menu_order":0,"comment_status":"closed","ping_status":"closed","template":"","meta":[],"_links":{"self":[{"href":"https:\/\/www.rechenschieber-mainz.de\/index.php\/wp-json\/wp\/v2\/pages\/11"}],"collection":[{"href":"https:\/\/www.rechenschieber-mainz.de\/index.php\/wp-json\/wp\/v2\/pages"}],"about":[{"href":"https:\/\/www.rechenschieber-mainz.de\/index.php\/wp-json\/wp\/v2\/types\/page"}],"author":[{"embeddable":true,"href":"https:\/\/www.rechenschieber-mainz.de\/index.php\/wp-json\/wp\/v2\/users\/1"}],"replies":[{"embeddable":true,"href":"https:\/\/www.rechenschieber-mainz.de\/index.php\/wp-json\/wp\/v2\/comments?post=11"}],"version-history":[{"count":31,"href":"https:\/\/www.rechenschieber-mainz.de\/index.php\/wp-json\/wp\/v2\/pages\/11\/revisions"}],"predecessor-version":[{"id":385,"href":"https:\/\/www.rechenschieber-mainz.de\/index.php\/wp-json\/wp\/v2\/pages\/11\/revisions\/385"}],"wp:attachment":[{"href":"https:\/\/www.rechenschieber-mainz.de\/index.php\/wp-json\/wp\/v2\/media?parent=11"}],"curies":[{"name":"wp","href":"https:\/\/api.w.org\/{rel}","templated":true}]}}